{"id":14041,"date":"2025-01-31T12:27:09","date_gmt":"2025-01-31T12:27:09","guid":{"rendered":"https:\/\/www.gransassolagaich.it\/evento\/creche-vivante\/"},"modified":"2025-02-16T09:35:45","modified_gmt":"2025-02-16T09:35:45","slug":"creche-vivante","status":"publish","type":"eventi","link":"https:\/\/www.gransassolagaich.it\/fr\/evento\/creche-vivante\/","title":{"rendered":"Cr\u00e8che vivante"},"featured_media":13276,"template":"","comune":[984],"tipo-documento":[1471],"class_list":["post-14041","eventi","type-eventi","status-publish","has-post-thumbnail","hentry","comune-fano-adriano","tipo-documento-evento-fr"],"yoast_head":"<!-- This site is optimized with the Yoast SEO plugin v28.4 - https:\/\/yoast.com\/product\/yoast-seo-wordpress\/ -->\n<title>Cr\u00e8che vivante - Gran Sasso Laga ICH<\/title>\n<meta name=\"robots\" content=\"index, follow, max-snippet:-1, max-image-preview:large, max-video-preview:-1\" \/>\n<link rel=\"canonical\" href=\"https:\/\/www.gransassolagaich.it\/fr\/evento\/creche-vivante\/\" \/>\n<meta property=\"og:locale\" content=\"fr_FR\" \/>\n<meta property=\"og:type\" content=\"article\" \/>\n<meta property=\"og:title\" content=\"Cr\u00e8che vivante - Gran Sasso Laga ICH\" \/>\n<meta property=\"og:description\" content=\"N\u00e9e \u00e0 l&rsquo;initiative du cur\u00e9 Nicola Jobbi et de la communaut\u00e9 de Cerqueto \u00e0 No\u00ebl 1966, la Cr\u00e8che Vivante est une repr\u00e9sentation qui implique toute la ville, de la mise en sc\u00e8ne d\u00e9licate et complexe, \u00e0 l\u2019\u00e9laboration du texte narr\u00e9, jusqu\u2019\u00e0 la bande sonore, \u00e0 la participation aux diff\u00e9rents r\u00f4les qui incarnent l\u2019histoire sacr\u00e9e depuis ... Lire plus\" \/>\n<meta property=\"og:url\" content=\"https:\/\/www.gransassolagaich.it\/fr\/evento\/creche-vivante\/\" \/>\n<meta property=\"og:site_name\" content=\"Gran Sasso Laga ICH\" \/>\n<meta property=\"article:publisher\" content=\"https:\/\/www.facebook.com\/gransassolagaich\" \/>\n<meta property=\"article:modified_time\" content=\"2025-02-16T09:35:45+00:00\" \/>\n<meta property=\"og:image\" content=\"https:\/\/www.gransassolagaich.it\/wp-content\/uploads\/2025\/01\/Fano-slider6.jpg\" \/>\n\t<meta property=\"og:image:width\" content=\"1600\" \/>\n\t<meta property=\"og:image:height\" content=\"900\" \/>\n\t<meta property=\"og:image:type\" content=\"image\/jpeg\" \/>\n<meta name=\"twitter:card\" content=\"summary_large_image\" \/>\n<meta name=\"twitter:label1\" content=\"Dur\u00e9e de lecture estim\u00e9e\" \/>\n\t<meta name=\"twitter:data1\" content=\"1 minute\" \/>\n<script type=\"application\/ld+json\" class=\"yoast-schema-graph\">{\"@context\":\"https:\\\/\\\/schema.org\",\"@graph\":[{\"@type\":\"WebPage\",\"@id\":\"https:\\\/\\\/www.gransassolagaich.it\\\/fr\\\/evento\\\/creche-vivante\\\/\",\"url\":\"https:\\\/\\\/www.gransassolagaich.it\\\/fr\\\/evento\\\/creche-vivante\\\/\",\"name\":\"Cr\u00e8che vivante - Gran Sasso Laga ICH\",\"isPartOf\":{\"@id\":\"https:\\\/\\\/www.gransassolagaich.it\\\/fr\\\/#website\"},\"primaryImageOfPage\":{\"@id\":\"https:\\\/\\\/www.gransassolagaich.it\\\/fr\\\/evento\\\/creche-vivante\\\/#primaryimage\"},\"image\":{\"@id\":\"https:\\\/\\\/www.gransassolagaich.it\\\/fr\\\/evento\\\/creche-vivante\\\/#primaryimage\"},\"thumbnailUrl\":\"https:\\\/\\\/www.gransassolagaich.it\\\/wp-content\\\/uploads\\\/2025\\\/01\\\/Fano-slider6.jpg\",\"datePublished\":\"2025-01-31T12:27:09+00:00\",\"dateModified\":\"2025-02-16T09:35:45+00:00\",\"breadcrumb\":{\"@id\":\"https:\\\/\\\/www.gransassolagaich.it\\\/fr\\\/evento\\\/creche-vivante\\\/#breadcrumb\"},\"inLanguage\":\"fr-FR\",\"potentialAction\":[{\"@type\":\"ReadAction\",\"target\":[\"https:\\\/\\\/www.gransassolagaich.it\\\/fr\\\/evento\\\/creche-vivante\\\/\"]}]},{\"@type\":\"ImageObject\",\"inLanguage\":\"fr-FR\",\"@id\":\"https:\\\/\\\/www.gransassolagaich.it\\\/fr\\\/evento\\\/creche-vivante\\\/#primaryimage\",\"url\":\"https:\\\/\\\/www.gransassolagaich.it\\\/wp-content\\\/uploads\\\/2025\\\/01\\\/Fano-slider6.jpg\",\"contentUrl\":\"https:\\\/\\\/www.gransassolagaich.it\\\/wp-content\\\/uploads\\\/2025\\\/01\\\/Fano-slider6.jpg\",\"width\":1600,\"height\":900},{\"@type\":\"BreadcrumbList\",\"@id\":\"https:\\\/\\\/www.gransassolagaich.it\\\/fr\\\/evento\\\/creche-vivante\\\/#breadcrumb\",\"itemListElement\":[{\"@type\":\"ListItem\",\"position\":1,\"name\":\"Home\",\"item\":\"https:\\\/\\\/www.gransassolagaich.it\\\/fr\\\/\"},{\"@type\":\"ListItem\",\"position\":2,\"name\":\"Evento\",\"item\":\"https:\\\/\\\/www.gransassolagaich.it\\\/fr\\\/evento\\\/\"},{\"@type\":\"ListItem\",\"position\":3,\"name\":\"Cr\u00e8che vivante\"}]},{\"@type\":\"WebSite\",\"@id\":\"https:\\\/\\\/www.gransassolagaich.it\\\/fr\\\/#website\",\"url\":\"https:\\\/\\\/www.gransassolagaich.it\\\/fr\\\/\",\"name\":\"Gran Sasso Laga ICH\",\"description\":\"Scopri, conosci e vivi un patrimonio!\",\"publisher\":{\"@id\":\"https:\\\/\\\/www.gransassolagaich.it\\\/fr\\\/#organization\"},\"alternateName\":\"GICH\",\"potentialAction\":[{\"@type\":\"SearchAction\",\"target\":{\"@type\":\"EntryPoint\",\"urlTemplate\":\"https:\\\/\\\/www.gransassolagaich.it\\\/fr\\\/?s={search_term_string}\"},\"query-input\":{\"@type\":\"PropertyValueSpecification\",\"valueRequired\":true,\"valueName\":\"search_term_string\"}}],\"inLanguage\":\"fr-FR\"},{\"@type\":\"Organization\",\"@id\":\"https:\\\/\\\/www.gransassolagaich.it\\\/fr\\\/#organization\",\"name\":\"Gran Sasso Laga ICH\",\"alternateName\":\"GICH\",\"url\":\"https:\\\/\\\/www.gransassolagaich.it\\\/fr\\\/\",\"logo\":{\"@type\":\"ImageObject\",\"inLanguage\":\"fr-FR\",\"@id\":\"https:\\\/\\\/www.gransassolagaich.it\\\/fr\\\/#\\\/schema\\\/logo\\\/image\\\/\",\"url\":\"https:\\\/\\\/www.gransassolagaich.it\\\/wp-content\\\/uploads\\\/2025\\\/01\\\/LOGO-GRANSASSO_LAGAgrandepiccolo-1.png\",\"contentUrl\":\"https:\\\/\\\/www.gransassolagaich.it\\\/wp-content\\\/uploads\\\/2025\\\/01\\\/LOGO-GRANSASSO_LAGAgrandepiccolo-1.png\",\"width\":300,\"height\":95,\"caption\":\"Gran Sasso Laga ICH\"},\"image\":{\"@id\":\"https:\\\/\\\/www.gransassolagaich.it\\\/fr\\\/#\\\/schema\\\/logo\\\/image\\\/\"},\"sameAs\":[\"https:\\\/\\\/www.facebook.com\\\/gransassolagaich\"]}]}<\/script>\n<!-- \/ Yoast SEO plugin. -->","yoast_head_json":{"title":"Cr\u00e8che vivante - Gran Sasso Laga ICH","robots":{"index":"index","follow":"follow","max-snippet":"max-snippet:-1","max-image-preview":"max-image-preview:large","max-video-preview":"max-video-preview:-1"},"canonical":"https:\/\/www.gransassolagaich.it\/fr\/evento\/creche-vivante\/","og_locale":"fr_FR","og_type":"article","og_title":"Cr\u00e8che vivante - Gran Sasso Laga ICH","og_description":"N\u00e9e \u00e0 l&rsquo;initiative du cur\u00e9 Nicola Jobbi et de la communaut\u00e9 de Cerqueto \u00e0 No\u00ebl 1966, la Cr\u00e8che Vivante est une repr\u00e9sentation qui implique toute la ville, de la mise en sc\u00e8ne d\u00e9licate et complexe, \u00e0 l\u2019\u00e9laboration du texte narr\u00e9, jusqu\u2019\u00e0 la bande sonore, \u00e0 la participation aux diff\u00e9rents r\u00f4les qui incarnent l\u2019histoire sacr\u00e9e depuis ... Lire plus","og_url":"https:\/\/www.gransassolagaich.it\/fr\/evento\/creche-vivante\/","og_site_name":"Gran Sasso Laga ICH","article_publisher":"https:\/\/www.facebook.com\/gransassolagaich","article_modified_time":"2025-02-16T09:35:45+00:00","og_image":[{"width":1600,"height":900,"url":"https:\/\/www.gransassolagaich.it\/wp-content\/uploads\/2025\/01\/Fano-slider6.jpg","type":"image\/jpeg"}],"twitter_card":"summary_large_image","twitter_misc":{"Dur\u00e9e de lecture estim\u00e9e":"1 minute"},"schema":{"@context":"https:\/\/schema.org","@graph":[{"@type":"WebPage","@id":"https:\/\/www.gransassolagaich.it\/fr\/evento\/creche-vivante\/","url":"https:\/\/www.gransassolagaich.it\/fr\/evento\/creche-vivante\/","name":"Cr\u00e8che vivante - Gran Sasso Laga ICH","isPartOf":{"@id":"https:\/\/www.gransassolagaich.it\/fr\/#website"},"primaryImageOfPage":{"@id":"https:\/\/www.gransassolagaich.it\/fr\/evento\/creche-vivante\/#primaryimage"},"image":{"@id":"https:\/\/www.gransassolagaich.it\/fr\/evento\/creche-vivante\/#primaryimage"},"thumbnailUrl":"https:\/\/www.gransassolagaich.it\/wp-content\/uploads\/2025\/01\/Fano-slider6.jpg","datePublished":"2025-01-31T12:27:09+00:00","dateModified":"2025-02-16T09:35:45+00:00","breadcrumb":{"@id":"https:\/\/www.gransassolagaich.it\/fr\/evento\/creche-vivante\/#breadcrumb"},"inLanguage":"fr-FR","potentialAction":[{"@type":"ReadAction","target":["https:\/\/www.gransassolagaich.it\/fr\/evento\/creche-vivante\/"]}]},{"@type":"ImageObject","inLanguage":"fr-FR","@id":"https:\/\/www.gransassolagaich.it\/fr\/evento\/creche-vivante\/#primaryimage","url":"https:\/\/www.gransassolagaich.it\/wp-content\/uploads\/2025\/01\/Fano-slider6.jpg","contentUrl":"https:\/\/www.gransassolagaich.it\/wp-content\/uploads\/2025\/01\/Fano-slider6.jpg","width":1600,"height":900},{"@type":"BreadcrumbList","@id":"https:\/\/www.gransassolagaich.it\/fr\/evento\/creche-vivante\/#breadcrumb","itemListElement":[{"@type":"ListItem","position":1,"name":"Home","item":"https:\/\/www.gransassolagaich.it\/fr\/"},{"@type":"ListItem","position":2,"name":"Evento","item":"https:\/\/www.gransassolagaich.it\/fr\/evento\/"},{"@type":"ListItem","position":3,"name":"Cr\u00e8che vivante"}]},{"@type":"WebSite","@id":"https:\/\/www.gransassolagaich.it\/fr\/#website","url":"https:\/\/www.gransassolagaich.it\/fr\/","name":"Gran Sasso Laga ICH","description":"Scopri, conosci e vivi un patrimonio!","publisher":{"@id":"https:\/\/www.gransassolagaich.it\/fr\/#organization"},"alternateName":"GICH","potentialAction":[{"@type":"SearchAction","target":{"@type":"EntryPoint","urlTemplate":"https:\/\/www.gransassolagaich.it\/fr\/?s={search_term_string}"},"query-input":{"@type":"PropertyValueSpecification","valueRequired":true,"valueName":"search_term_string"}}],"inLanguage":"fr-FR"},{"@type":"Organization","@id":"https:\/\/www.gransassolagaich.it\/fr\/#organization","name":"Gran Sasso Laga ICH","alternateName":"GICH","url":"https:\/\/www.gransassolagaich.it\/fr\/","logo":{"@type":"ImageObject","inLanguage":"fr-FR","@id":"https:\/\/www.gransassolagaich.it\/fr\/#\/schema\/logo\/image\/","url":"https:\/\/www.gransassolagaich.it\/wp-content\/uploads\/2025\/01\/LOGO-GRANSASSO_LAGAgrandepiccolo-1.png","contentUrl":"https:\/\/www.gransassolagaich.it\/wp-content\/uploads\/2025\/01\/LOGO-GRANSASSO_LAGAgrandepiccolo-1.png","width":300,"height":95,"caption":"Gran Sasso Laga ICH"},"image":{"@id":"https:\/\/www.gransassolagaich.it\/fr\/#\/schema\/logo\/image\/"},"sameAs":["https:\/\/www.facebook.com\/gransassolagaich"]}]}},"_links":{"self":[{"href":"https:\/\/www.gransassolagaich.it\/fr\/wp-json\/wp\/v2\/eventi\/14041","targetHints":{"allow":["GET"]}}],"collection":[{"href":"https:\/\/www.gransassolagaich.it\/fr\/wp-json\/wp\/v2\/eventi"}],"about":[{"href":"https:\/\/www.gransassolagaich.it\/fr\/wp-json\/wp\/v2\/types\/eventi"}],"wp:featuredmedia":[{"embeddable":true,"href":"https:\/\/www.gransassolagaich.it\/fr\/wp-json\/wp\/v2\/media\/13276"}],"wp:attachment":[{"href":"https:\/\/www.gransassolagaich.it\/fr\/wp-json\/wp\/v2\/media?parent=14041"}],"wp:term":[{"taxonomy":"comune","embeddable":true,"href":"https:\/\/www.gransassolagaich.it\/fr\/wp-json\/wp\/v2\/comune?post=14041"},{"taxonomy":"tipo-documento","embeddable":true,"href":"https:\/\/www.gransassolagaich.it\/fr\/wp-json\/wp\/v2\/tipo-documento?post=14041"}],"curies":[{"name":"wp","href":"https:\/\/api.w.org\/{rel}","templated":true}]}}

Crèche vivante

<!-- This site is optimized with the Yoast SEO plugin v28.4 - https://yoast.com/product/yoast-seo-wordpress/ -->
<title>Crèche vivante - Gran Sasso Laga ICH</title>
<meta name="robots" content="index, follow, max-snippet:-1, max-image-preview:large, max-video-preview:-1" />
<link rel="canonical" href="https://www.gransassolagaich.it/fr/evento/creche-vivante/" />
<meta property="og:locale" content="fr_FR" />
<meta property="og:type" content="article" />
<meta property="og:title" content="Crèche vivante - Gran Sasso Laga ICH" />
<meta property="og:description" content="Née à l&rsquo;initiative du curé Nicola Jobbi et de la communauté de Cerqueto à Noël 1966, la Crèche Vivante est une représentation qui implique toute la ville, de la mise en scène délicate et complexe, à l’élaboration du texte narré, jusqu’à la bande sonore, à la participation aux différents rôles qui incarnent l’histoire sacrée depuis ... Lire plus" />
<meta property="og:url" content="https://www.gransassolagaich.it/fr/evento/creche-vivante/" />
<meta property="og:site_name" content="Gran Sasso Laga ICH" />
<meta property="article:publisher" content="https://www.facebook.com/gransassolagaich" />
<meta property="article:modified_time" content="2025-02-16T09:35:45+00:00" />
<meta property="og:image" content="https://www.gransassolagaich.it/wp-content/uploads/2025/01/Fano-slider6.jpg" />
	<meta property="og:image:width" content="1600" />
	<meta property="og:image:height" content="900" />
	<meta property="og:image:type" content="image/jpeg" />
<meta name="twitter:card" content="summary_large_image" />
<meta name="twitter:label1" content="Durée de lecture estimée" />
	<meta name="twitter:data1" content="1 minute" />
<script type="application/ld+json" class="yoast-schema-graph">{"@context":"https:\/\/schema.org","@graph":[{"@type":"WebPage","@id":"https:\/\/www.gransassolagaich.it\/fr\/evento\/creche-vivante\/","url":"https:\/\/www.gransassolagaich.it\/fr\/evento\/creche-vivante\/","name":"Crèche vivante - Gran Sasso Laga ICH","isPartOf":{"@id":"https:\/\/www.gransassolagaich.it\/fr\/#website"},"primaryImageOfPage":{"@id":"https:\/\/www.gransassolagaich.it\/fr\/evento\/creche-vivante\/#primaryimage"},"image":{"@id":"https:\/\/www.gransassolagaich.it\/fr\/evento\/creche-vivante\/#primaryimage"},"thumbnailUrl":"https:\/\/www.gransassolagaich.it\/wp-content\/uploads\/2025\/01\/Fano-slider6.jpg","datePublished":"2025-01-31T12:27:09+00:00","dateModified":"2025-02-16T09:35:45+00:00","breadcrumb":{"@id":"https:\/\/www.gransassolagaich.it\/fr\/evento\/creche-vivante\/#breadcrumb"},"inLanguage":"fr-FR","potentialAction":[{"@type":"ReadAction","target":["https:\/\/www.gransassolagaich.it\/fr\/evento\/creche-vivante\/"]}]},{"@type":"ImageObject","inLanguage":"fr-FR","@id":"https:\/\/www.gransassolagaich.it\/fr\/evento\/creche-vivante\/#primaryimage","url":"https:\/\/www.gransassolagaich.it\/wp-content\/uploads\/2025\/01\/Fano-slider6.jpg","contentUrl":"https:\/\/www.gransassolagaich.it\/wp-content\/uploads\/2025\/01\/Fano-slider6.jpg","width":1600,"height":900},{"@type":"BreadcrumbList","@id":"https:\/\/www.gransassolagaich.it\/fr\/evento\/creche-vivante\/#breadcrumb","itemListElement":[{"@type":"ListItem","position":1,"name":"Home","item":"https:\/\/www.gransassolagaich.it\/fr\/"},{"@type":"ListItem","position":2,"name":"Evento","item":"https:\/\/www.gransassolagaich.it\/fr\/evento\/"},{"@type":"ListItem","position":3,"name":"Crèche vivante"}]},{"@type":"WebSite","@id":"https:\/\/www.gransassolagaich.it\/fr\/#website","url":"https:\/\/www.gransassolagaich.it\/fr\/","name":"Gran Sasso Laga ICH","description":"Scopri, conosci e vivi un patrimonio!","publisher":{"@id":"https:\/\/www.gransassolagaich.it\/fr\/#organization"},"alternateName":"GICH","potentialAction":[{"@type":"SearchAction","target":{"@type":"EntryPoint","urlTemplate":"https:\/\/www.gransassolagaich.it\/fr\/?s={search_term_string}"},"query-input":{"@type":"PropertyValueSpecification","valueRequired":true,"valueName":"search_term_string"}}],"inLanguage":"fr-FR"},{"@type":"Organization","@id":"https:\/\/www.gransassolagaich.it\/fr\/#organization","name":"Gran Sasso Laga ICH","alternateName":"GICH","url":"https:\/\/www.gransassolagaich.it\/fr\/","logo":{"@type":"ImageObject","inLanguage":"fr-FR","@id":"https:\/\/www.gransassolagaich.it\/fr\/#\/schema\/logo\/image\/","url":"https:\/\/www.gransassolagaich.it\/wp-content\/uploads\/2025\/01\/LOGO-GRANSASSO_LAGAgrandepiccolo-1.png","contentUrl":"https:\/\/www.gransassolagaich.it\/wp-content\/uploads\/2025\/01\/LOGO-GRANSASSO_LAGAgrandepiccolo-1.png","width":300,"height":95,"caption":"Gran Sasso Laga ICH"},"image":{"@id":"https:\/\/www.gransassolagaich.it\/fr\/#\/schema\/logo\/image\/"},"sameAs":["https:\/\/www.facebook.com\/gransassolagaich"]}]}</script>
<!-- / Yoast SEO plugin. -->

Crèche vivante - Gran Sasso Laga ICH

Née à l&rsquo;initiative du curé Nicola Jobbi et de la communauté de Cerqueto à Noël 1966, la Crèche Vivante est une représentation qui implique toute la ville, de la mise en scène délicate et complexe, à l’élaboration du texte narré, jusqu’à la bande sonore, à la participation aux différents rôles qui incarnent l’histoire sacrée depuis ... Lire plus
